{"id":602,"date":"2019-09-23T16:55:15","date_gmt":"2019-09-23T14:55:15","guid":{"rendered":"http:\/\/lescaboteursdelune.fr\/?page_id=602"},"modified":"2024-03-21T18:01:00","modified_gmt":"2024-03-21T17:01:00","slug":"creation-de-lassociation","status":"publish","type":"page","link":"https:\/\/lescaboteursdelune.fr\/index.php\/creation-de-lassociation\/","title":{"rendered":"Cr\u00e9ation de l&rsquo;association et ses membres"},"content":{"rendered":"\n<p>Cr\u00e9\u00e9e officiellement le 4 Juillet 2018 par un groupe de jeunes Noirmoutrins, notre association compte une quinzaine de membres actifs parrain\u00e9s par les membres fondateurs.<\/p>\n\n\n\n<p>L&rsquo;activit\u00e9 premi\u00e8re de l\u2019association est la promotion du transport de marchandise \u00e0 la voile, en organisant la venue de bateaux \u00e0 Noirmoutier, avec dans leurs cales diff\u00e9rents produits \u00e9quitables et \u00e9co-responsables.<\/p>\n\n\n\n<p>Par ce biais, elle permet de contribuer \u00e0 la sauvegarde et l&rsquo;activit\u00e9 du patrimoine maritime mais aussi \u00e0 la protection de la plan\u00e8te avec un impact environnemental r\u00e9duit par rapport au syst\u00e8me de transport classique.<\/p>\n\n\n\n<p>Cette d\u00e9marche engage cependant l&rsquo;acheteur \u00e0 adh\u00e9rer \u00e0 l\u2019id\u00e9e que ces produits, \u00e9tant transport\u00e9s aux gr\u00e8s du vent et des flots, n&rsquo;arrivent pas forc\u00e9ment le jour annonc\u00e9 comme ils pourraient l\u2019\u00eatre avec d&rsquo;autres modes de transport plus conventionnels.<\/p>\n\n\n\n<p>Cette autre fa\u00e7on d&rsquo;acheter et de consommer semble aujourd&rsquo;hui plus qu&rsquo;essentielle aux vues des questions environnementales et \u00e9thiques actuelles.<\/p>\n\n\n\n<h1 class=\"wp-block-heading\">Les membres<\/h1>\n\n\n\n<p>L&rsquo;association est aujourd&rsquo;hui officiellement compos\u00e9e d&rsquo;un conseil d&rsquo;administration de 12 personnes :<\/p>\n\n\n\n<figure class=\"wp-block-gallery has-nested-images columns-default is-cropped wp-block-gallery-1 is-layout-flex wp-block-gallery-is-layout-flex\">\n<figure class=\"wp-block-image size-large\"><img loading=\"lazy\" decoding=\"async\" width=\"768\" height=\"1024\" data-id=\"1504\" src=\"https:\/\/lescaboteursdelune.fr\/wp-content\/uploads\/2024\/02\/382933013_641364921313484_5083768778444793503_n-768x1024.jpg\" alt=\"\" class=\"wp-image-1504\" srcset=\"https:\/\/lescaboteursdelune.fr\/wp-content\/uploads\/2024\/02\/382933013_641364921313484_5083768778444793503_n-768x1024.jpg 768w, https:\/\/lescaboteursdelune.fr\/wp-content\/uploads\/2024\/02\/382933013_641364921313484_5083768778444793503_n-225x300.jpg 225w, https:\/\/lescaboteursdelune.fr\/wp-content\/uploads\/2024\/02\/382933013_641364921313484_5083768778444793503_n-1152x1536.jpg 1152w, https:\/\/lescaboteursdelune.fr\/wp-content\/uploads\/2024\/02\/382933013_641364921313484_5083768778444793503_n.jpg 1530w\" sizes=\"auto, (max-width: 768px) 100vw, 768px\" \/><figcaption class=\"wp-element-caption\">Eve Cr\u00e9pin, Responsable jeunesse<\/figcaption><\/figure>\n\n\n\n<figure class=\"wp-block-image size-large\"><img loading=\"lazy\" decoding=\"async\" width=\"768\" height=\"1024\" data-id=\"1503\" src=\"https:\/\/lescaboteursdelune.fr\/wp-content\/uploads\/2024\/02\/377760866_640933998023243_1217121687427405614_n-768x1024.jpg\" alt=\"\" class=\"wp-image-1503\" srcset=\"https:\/\/lescaboteursdelune.fr\/wp-content\/uploads\/2024\/02\/377760866_640933998023243_1217121687427405614_n-768x1024.jpg 768w, https:\/\/lescaboteursdelune.fr\/wp-content\/uploads\/2024\/02\/377760866_640933998023243_1217121687427405614_n-225x300.jpg 225w, https:\/\/lescaboteursdelune.fr\/wp-content\/uploads\/2024\/02\/377760866_640933998023243_1217121687427405614_n-1152x1536.jpg 1152w, https:\/\/lescaboteursdelune.fr\/wp-content\/uploads\/2024\/02\/377760866_640933998023243_1217121687427405614_n.jpg 1536w\" sizes=\"auto, (max-width: 768px) 100vw, 768px\" \/><figcaption class=\"wp-element-caption\">Fr\u00e9d\u00e9rique Artaud, Tr\u00e9sori\u00e8re<\/figcaption><\/figure>\n\n\n\n<figure class=\"wp-block-image size-large\"><img loading=\"lazy\" decoding=\"async\" width=\"576\" height=\"1024\" data-id=\"1526\" src=\"http:\/\/lescaboteursdelune.fr\/wp-content\/uploads\/2024\/02\/ZVE9606-576x1024.jpg\" alt=\"\" class=\"wp-image-1526\" srcset=\"https:\/\/lescaboteursdelune.fr\/wp-content\/uploads\/2024\/02\/ZVE9606-576x1024.jpg 576w, https:\/\/lescaboteursdelune.fr\/wp-content\/uploads\/2024\/02\/ZVE9606-169x300.jpg 169w, https:\/\/lescaboteursdelune.fr\/wp-content\/uploads\/2024\/02\/ZVE9606-768x1365.jpg 768w, https:\/\/lescaboteursdelune.fr\/wp-content\/uploads\/2024\/02\/ZVE9606-864x1536.jpg 864w, https:\/\/lescaboteursdelune.fr\/wp-content\/uploads\/2024\/02\/ZVE9606-1152x2048.jpg 1152w, https:\/\/lescaboteursdelune.fr\/wp-content\/uploads\/2024\/02\/ZVE9606-scaled.jpg 1440w\" sizes=\"auto, (max-width: 576px) 100vw, 576px\" \/><figcaption class=\"wp-element-caption\">Franck Gr\u00e9gory, Responsable relations humaines<\/figcaption><\/figure>\n\n\n\n<figure class=\"wp-block-image size-large\"><img loading=\"lazy\" decoding=\"async\" width=\"1024\" height=\"768\" data-id=\"1512\" src=\"https:\/\/lescaboteursdelune.fr\/wp-content\/uploads\/2024\/02\/386605552_642596874523622_3314146080062205009_n-1024x768.jpg\" alt=\"\" class=\"wp-image-1512\" srcset=\"https:\/\/lescaboteursdelune.fr\/wp-content\/uploads\/2024\/02\/386605552_642596874523622_3314146080062205009_n-1024x768.jpg 1024w, https:\/\/lescaboteursdelune.fr\/wp-content\/uploads\/2024\/02\/386605552_642596874523622_3314146080062205009_n-300x225.jpg 300w, https:\/\/lescaboteursdelune.fr\/wp-content\/uploads\/2024\/02\/386605552_642596874523622_3314146080062205009_n-768x576.jpg 768w, https:\/\/lescaboteursdelune.fr\/wp-content\/uploads\/2024\/02\/386605552_642596874523622_3314146080062205009_n-1536x1152.jpg 1536w, https:\/\/lescaboteursdelune.fr\/wp-content\/uploads\/2024\/02\/386605552_642596874523622_3314146080062205009_n.jpg 2000w\" sizes=\"auto, (max-width: 1024px) 100vw, 1024px\" \/><figcaption class=\"wp-element-caption\">Virginie Bodin, Responsable tout court<\/figcaption><\/figure>\n\n\n\n<figure class=\"wp-block-image size-large\"><img loading=\"lazy\" decoding=\"async\" width=\"1024\" height=\"618\" data-id=\"1498\" src=\"https:\/\/lescaboteursdelune.fr\/wp-content\/uploads\/2024\/02\/DSC0441-1024x618.jpg\" alt=\"\" class=\"wp-image-1498\" srcset=\"https:\/\/lescaboteursdelune.fr\/wp-content\/uploads\/2024\/02\/DSC0441-1024x618.jpg 1024w, https:\/\/lescaboteursdelune.fr\/wp-content\/uploads\/2024\/02\/DSC0441-300x181.jpg 300w, https:\/\/lescaboteursdelune.fr\/wp-content\/uploads\/2024\/02\/DSC0441-768x463.jpg 768w, https:\/\/lescaboteursdelune.fr\/wp-content\/uploads\/2024\/02\/DSC0441-1536x927.jpg 1536w, https:\/\/lescaboteursdelune.fr\/wp-content\/uploads\/2024\/02\/DSC0441-2048x1236.jpg 2048w\" sizes=\"auto, (max-width: 1024px) 100vw, 1024px\" \/><figcaption class=\"wp-element-caption\">Benjamin Boulet, Responsable technique<\/figcaption><\/figure>\n\n\n\n<figure class=\"wp-block-image size-large\"><img loading=\"lazy\" decoding=\"async\" width=\"700\" height=\"1024\" data-id=\"1495\" src=\"https:\/\/lescaboteursdelune.fr\/wp-content\/uploads\/2024\/02\/DSC0253-700x1024.jpg\" alt=\"\" class=\"wp-image-1495\" srcset=\"https:\/\/lescaboteursdelune.fr\/wp-content\/uploads\/2024\/02\/DSC0253-700x1024.jpg 700w, https:\/\/lescaboteursdelune.fr\/wp-content\/uploads\/2024\/02\/DSC0253-205x300.jpg 205w, https:\/\/lescaboteursdelune.fr\/wp-content\/uploads\/2024\/02\/DSC0253-768x1124.jpg 768w, https:\/\/lescaboteursdelune.fr\/wp-content\/uploads\/2024\/02\/DSC0253-1049x1536.jpg 1049w, https:\/\/lescaboteursdelune.fr\/wp-content\/uploads\/2024\/02\/DSC0253-1399x2048.jpg 1399w, https:\/\/lescaboteursdelune.fr\/wp-content\/uploads\/2024\/02\/DSC0253.jpg 1576w\" sizes=\"auto, (max-width: 700px) 100vw, 700px\" \/><figcaption class=\"wp-element-caption\">Mika Fourcher, Responsable Comptoir &#8211; Redon<\/figcaption><\/figure>\n\n\n\n<figure class=\"wp-block-image size-large\"><img loading=\"lazy\" decoding=\"async\" width=\"1024\" height=\"683\" data-id=\"385\" src=\"https:\/\/lescaboteursdelune.fr\/wp-content\/uploads\/2019\/07\/Didier-Fouasson-1-1024x683.jpg\" alt=\"\" class=\"wp-image-385\" srcset=\"https:\/\/lescaboteursdelune.fr\/wp-content\/uploads\/2019\/07\/Didier-Fouasson-1-1024x683.jpg 1024w, https:\/\/lescaboteursdelune.fr\/wp-content\/uploads\/2019\/07\/Didier-Fouasson-1-300x200.jpg 300w, https:\/\/lescaboteursdelune.fr\/wp-content\/uploads\/2019\/07\/Didier-Fouasson-1-768x512.jpg 768w\" sizes=\"auto, (max-width: 1024px) 100vw, 1024px\" \/><figcaption class=\"wp-element-caption\">Etienne Daussy, secr\u00e9taire et capitaine<\/figcaption><\/figure>\n\n\n\n<figure class=\"wp-block-image size-large\"><img loading=\"lazy\" decoding=\"async\" width=\"723\" height=\"1024\" data-id=\"1496\" src=\"https:\/\/lescaboteursdelune.fr\/wp-content\/uploads\/2024\/02\/DSC0304-723x1024.jpg\" alt=\"\" class=\"wp-image-1496\" srcset=\"https:\/\/lescaboteursdelune.fr\/wp-content\/uploads\/2024\/02\/DSC0304-723x1024.jpg 723w, https:\/\/lescaboteursdelune.fr\/wp-content\/uploads\/2024\/02\/DSC0304-212x300.jpg 212w, https:\/\/lescaboteursdelune.fr\/wp-content\/uploads\/2024\/02\/DSC0304-768x1087.jpg 768w, https:\/\/lescaboteursdelune.fr\/wp-content\/uploads\/2024\/02\/DSC0304-1085x1536.jpg 1085w, https:\/\/lescaboteursdelune.fr\/wp-content\/uploads\/2024\/02\/DSC0304.jpg 1445w\" sizes=\"auto, (max-width: 723px) 100vw, 723px\" \/><figcaption class=\"wp-element-caption\">Valentin Bahuaud, Responsable Comptoir &#8211; Nantes<\/figcaption><\/figure>\n\n\n\n<figure class=\"wp-block-image size-large\"><img loading=\"lazy\" decoding=\"async\" width=\"1024\" height=\"768\" data-id=\"1501\" src=\"https:\/\/lescaboteursdelune.fr\/wp-content\/uploads\/2024\/02\/353600717_587493560033954_7515510444420915867_n-1024x768.jpg\" alt=\"\" class=\"wp-image-1501\" srcset=\"https:\/\/lescaboteursdelune.fr\/wp-content\/uploads\/2024\/02\/353600717_587493560033954_7515510444420915867_n-1024x768.jpg 1024w, https:\/\/lescaboteursdelune.fr\/wp-content\/uploads\/2024\/02\/353600717_587493560033954_7515510444420915867_n-300x225.jpg 300w, https:\/\/lescaboteursdelune.fr\/wp-content\/uploads\/2024\/02\/353600717_587493560033954_7515510444420915867_n-768x576.jpg 768w, https:\/\/lescaboteursdelune.fr\/wp-content\/uploads\/2024\/02\/353600717_587493560033954_7515510444420915867_n.jpg 1440w\" sizes=\"auto, (max-width: 1024px) 100vw, 1024px\" \/><figcaption class=\"wp-element-caption\">Alexandre Cluzet, Responsable Comptoir &#8211; St Nazaire<\/figcaption><\/figure>\n\n\n\n<figure class=\"wp-block-image size-large\"><img loading=\"lazy\" decoding=\"async\" width=\"1024\" height=\"771\" data-id=\"1500\" src=\"https:\/\/lescaboteursdelune.fr\/wp-content\/uploads\/2024\/02\/347243128_593666452749998_842264492723837688_n-1024x771.jpg\" alt=\"\" class=\"wp-image-1500\" srcset=\"https:\/\/lescaboteursdelune.fr\/wp-content\/uploads\/2024\/02\/347243128_593666452749998_842264492723837688_n-1024x771.jpg 1024w, https:\/\/lescaboteursdelune.fr\/wp-content\/uploads\/2024\/02\/347243128_593666452749998_842264492723837688_n-300x226.jpg 300w, https:\/\/lescaboteursdelune.fr\/wp-content\/uploads\/2024\/02\/347243128_593666452749998_842264492723837688_n-768x578.jpg 768w, https:\/\/lescaboteursdelune.fr\/wp-content\/uploads\/2024\/02\/347243128_593666452749998_842264492723837688_n-1536x1157.jpg 1536w, https:\/\/lescaboteursdelune.fr\/wp-content\/uploads\/2024\/02\/347243128_593666452749998_842264492723837688_n.jpg 2048w\" sizes=\"auto, (max-width: 1024px) 100vw, 1024px\" \/><figcaption class=\"wp-element-caption\">L\u00e9o Tudeau, Responsable \u00e9v\u00e8nements\/communication<\/figcaption><\/figure>\n\n\n\n<figure class=\"wp-block-image size-large\"><img loading=\"lazy\" decoding=\"async\" width=\"1024\" height=\"595\" data-id=\"1499\" src=\"https:\/\/lescaboteursdelune.fr\/wp-content\/uploads\/2024\/02\/321953046_1130461267667260_1860831930877041106_n-1024x595.jpg\" alt=\"\" class=\"wp-image-1499\" srcset=\"https:\/\/lescaboteursdelune.fr\/wp-content\/uploads\/2024\/02\/321953046_1130461267667260_1860831930877041106_n-1024x595.jpg 1024w, https:\/\/lescaboteursdelune.fr\/wp-content\/uploads\/2024\/02\/321953046_1130461267667260_1860831930877041106_n-300x174.jpg 300w, https:\/\/lescaboteursdelune.fr\/wp-content\/uploads\/2024\/02\/321953046_1130461267667260_1860831930877041106_n-768x446.jpg 768w, https:\/\/lescaboteursdelune.fr\/wp-content\/uploads\/2024\/02\/321953046_1130461267667260_1860831930877041106_n-1536x893.jpg 1536w, https:\/\/lescaboteursdelune.fr\/wp-content\/uploads\/2024\/02\/321953046_1130461267667260_1860831930877041106_n.jpg 2048w\" sizes=\"auto, (max-width: 1024px) 100vw, 1024px\" \/><figcaption class=\"wp-element-caption\">Antoine Bugeon, Illustrateur<\/figcaption><\/figure>\n\n\n\n<figure class=\"wp-block-image size-large\"><img loading=\"lazy\" decoding=\"async\" width=\"768\" height=\"1024\" data-id=\"1513\" src=\"https:\/\/lescaboteursdelune.fr\/wp-content\/uploads\/2024\/02\/IMG_20190927_162535-768x1024.jpg\" alt=\"\" class=\"wp-image-1513\" srcset=\"https:\/\/lescaboteursdelune.fr\/wp-content\/uploads\/2024\/02\/IMG_20190927_162535-768x1024.jpg 768w, https:\/\/lescaboteursdelune.fr\/wp-content\/uploads\/2024\/02\/IMG_20190927_162535-225x300.jpg 225w, https:\/\/lescaboteursdelune.fr\/wp-content\/uploads\/2024\/02\/IMG_20190927_162535-1152x1536.jpg 1152w, https:\/\/lescaboteursdelune.fr\/wp-content\/uploads\/2024\/02\/IMG_20190927_162535-1536x2048.jpg 1536w, https:\/\/lescaboteursdelune.fr\/wp-content\/uploads\/2024\/02\/IMG_20190927_162535-scaled.jpg 1920w\" sizes=\"auto, (max-width: 768px) 100vw, 768px\" \/><figcaption class=\"wp-element-caption\">Alex Etourneau, Pr\u00e9sident<\/figcaption><\/figure>\n<\/figure>\n\n\n\n<p>Mais surtout d&rsquo;une vingtaine de membres actifs qui nous aident lors de l&rsquo;arriv\u00e9e des bateaux et de la distribution des commandes.<\/p>\n\n\n\n<figure class=\"wp-block-image size-large\"><img loading=\"lazy\" decoding=\"async\" width=\"1024\" height=\"568\" src=\"https:\/\/lescaboteursdelune.fr\/wp-content\/uploads\/2024\/02\/120289832_721005268450604_5191504071669284716_n-1024x568.jpg\" alt=\"\" class=\"wp-image-1443\" srcset=\"https:\/\/lescaboteursdelune.fr\/wp-content\/uploads\/2024\/02\/120289832_721005268450604_5191504071669284716_n-1024x568.jpg 1024w, https:\/\/lescaboteursdelune.fr\/wp-content\/uploads\/2024\/02\/120289832_721005268450604_5191504071669284716_n-300x167.jpg 300w, https:\/\/lescaboteursdelune.fr\/wp-content\/uploads\/2024\/02\/120289832_721005268450604_5191504071669284716_n-768x426.jpg 768w, https:\/\/lescaboteursdelune.fr\/wp-content\/uploads\/2024\/02\/120289832_721005268450604_5191504071669284716_n-1536x852.jpg 1536w, https:\/\/lescaboteursdelune.fr\/wp-content\/uploads\/2024\/02\/120289832_721005268450604_5191504071669284716_n.jpg 1600w\" sizes=\"auto, (max-width: 1024px) 100vw, 1024px\" \/><\/figure>\n","protected":false},"excerpt":{"rendered":"<p>Cr\u00e9\u00e9e officiellement le 4 Juillet 2018 par un groupe de jeunes Noirmoutrins, notre association compte une quinzaine de membres actifs parrain\u00e9s par les membres fondateurs. L&rsquo;activit\u00e9 premi\u00e8re de l\u2019association est la promotion du transport de marchandise \u00e0 la voile, en organisant la venue de bateaux \u00e0 Noirmoutier, avec dans leurs cales diff\u00e9rents produits \u00e9quitables et&hellip; <a href=\"https:\/\/lescaboteursdelune.fr\/index.php\/creation-de-lassociation\/\" class=\"more-link\">Lire la suite <span class=\"screen-reader-text\">Cr\u00e9ation de l&rsquo;association et ses membres<\/span><\/a><\/p>\n","protected":false},"author":2,"featured_media":1350,"parent":0,"menu_order":0,"comment_status":"closed","ping_status":"closed","template":"","meta":{"footnotes":""},"class_list":["post-602","page","type-page","status-publish","has-post-thumbnail","hentry","with-featured-image"],"yoast_head":"<!-- This site is optimized with the Yoast SEO plugin v21.8.1 - https:\/\/yoast.com\/wordpress\/plugins\/seo\/ -->\n<title>Cr\u00e9ation de l&#039;association et ses membres - Les Caboteurs de Lune<\/title>\n<meta name=\"description\" content=\"Les Caboteurs de Lune association promotion Fret \u00e0 la Voile Noirmoutier Vend\u00e9e\" \/>\n<meta name=\"robots\" content=\"index, follow, max-snippet:-1, max-image-preview:large, max-video-preview:-1\" \/>\n<link rel=\"canonical\" href=\"https:\/\/lescaboteursdelune.fr\/index.php\/creation-de-lassociation\/\" \/>\n<meta property=\"og:locale\" content=\"fr_FR\" \/>\n<meta property=\"og:type\" content=\"article\" \/>\n<meta property=\"og:title\" content=\"Cr\u00e9ation de l&#039;association et ses membres - Les Caboteurs de Lune\" \/>\n<meta property=\"og:description\" content=\"Les Caboteurs de Lune association promotion Fret \u00e0 la Voile Noirmoutier Vend\u00e9e\" \/>\n<meta property=\"og:url\" content=\"https:\/\/lescaboteursdelune.fr\/index.php\/creation-de-lassociation\/\" \/>\n<meta property=\"og:site_name\" content=\"Les Caboteurs de Lune\" \/>\n<meta property=\"article:modified_time\" content=\"2024-03-21T17:01:00+00:00\" \/>\n<meta property=\"og:image\" content=\"http:\/\/lescaboteursdelune.fr\/wp-content\/uploads\/2024\/02\/Deco-1024x559.png\" \/>\n\t<meta property=\"og:image:width\" content=\"1024\" \/>\n\t<meta property=\"og:image:height\" content=\"559\" \/>\n\t<meta property=\"og:image:type\" content=\"image\/png\" \/>\n<meta name=\"twitter:card\" content=\"summary_large_image\" \/>\n<meta name=\"twitter:label1\" content=\"Dur\u00e9e de lecture estim\u00e9e\" \/>\n\t<meta name=\"twitter:data1\" content=\"4 minutes\" \/>\n<script type=\"application\/ld+json\" class=\"yoast-schema-graph\">{\"@context\":\"https:\/\/schema.org\",\"@graph\":[{\"@type\":\"WebPage\",\"@id\":\"https:\/\/lescaboteursdelune.fr\/index.php\/creation-de-lassociation\/\",\"url\":\"https:\/\/lescaboteursdelune.fr\/index.php\/creation-de-lassociation\/\",\"name\":\"Cr\u00e9ation de l'association et ses membres - Les Caboteurs de Lune\",\"isPartOf\":{\"@id\":\"https:\/\/lescaboteursdelune.fr\/#website\"},\"datePublished\":\"2019-09-23T14:55:15+00:00\",\"dateModified\":\"2024-03-21T17:01:00+00:00\",\"description\":\"Les Caboteurs de Lune association promotion Fret \u00e0 la Voile Noirmoutier Vend\u00e9e\",\"breadcrumb\":{\"@id\":\"https:\/\/lescaboteursdelune.fr\/index.php\/creation-de-lassociation\/#breadcrumb\"},\"inLanguage\":\"fr-FR\",\"potentialAction\":[{\"@type\":\"ReadAction\",\"target\":[\"https:\/\/lescaboteursdelune.fr\/index.php\/creation-de-lassociation\/\"]}]},{\"@type\":\"BreadcrumbList\",\"@id\":\"https:\/\/lescaboteursdelune.fr\/index.php\/creation-de-lassociation\/#breadcrumb\",\"itemListElement\":[{\"@type\":\"ListItem\",\"position\":1,\"name\":\"Accueil\",\"item\":\"https:\/\/lescaboteursdelune.fr\/\"},{\"@type\":\"ListItem\",\"position\":2,\"name\":\"Cr\u00e9ation de l&rsquo;association et ses membres\"}]},{\"@type\":\"WebSite\",\"@id\":\"https:\/\/lescaboteursdelune.fr\/#website\",\"url\":\"https:\/\/lescaboteursdelune.fr\/\",\"name\":\"Les Caboteurs de Lune\",\"description\":\"Comptoir de fret \u00e0 la voile\",\"publisher\":{\"@id\":\"https:\/\/lescaboteursdelune.fr\/#organization\"},\"potentialAction\":[{\"@type\":\"SearchAction\",\"target\":{\"@type\":\"EntryPoint\",\"urlTemplate\":\"https:\/\/lescaboteursdelune.fr\/?s={search_term_string}\"},\"query-input\":\"required name=search_term_string\"}],\"inLanguage\":\"fr-FR\"},{\"@type\":\"Organization\",\"@id\":\"https:\/\/lescaboteursdelune.fr\/#organization\",\"name\":\"Les Caboteurs de Lune\",\"url\":\"https:\/\/lescaboteursdelune.fr\/\",\"logo\":{\"@type\":\"ImageObject\",\"inLanguage\":\"fr-FR\",\"@id\":\"https:\/\/lescaboteursdelune.fr\/#\/schema\/logo\/image\/\",\"url\":\"https:\/\/lescaboteursdelune.fr\/wp-content\/uploads\/2018\/07\/logo_caboteur.jpg\",\"contentUrl\":\"https:\/\/lescaboteursdelune.fr\/wp-content\/uploads\/2018\/07\/logo_caboteur.jpg\",\"width\":960,\"height\":960,\"caption\":\"Les Caboteurs de Lune\"},\"image\":{\"@id\":\"https:\/\/lescaboteursdelune.fr\/#\/schema\/logo\/image\/\"}}]}<\/script>\n<!-- \/ Yoast SEO plugin. -->","yoast_head_json":{"title":"Cr\u00e9ation de l'association et ses membres - Les Caboteurs de Lune","description":"Les Caboteurs de Lune association promotion Fret \u00e0 la Voile Noirmoutier Vend\u00e9e","robots":{"index":"index","follow":"follow","max-snippet":"max-snippet:-1","max-image-preview":"max-image-preview:large","max-video-preview":"max-video-preview:-1"},"canonical":"https:\/\/lescaboteursdelune.fr\/index.php\/creation-de-lassociation\/","og_locale":"fr_FR","og_type":"article","og_title":"Cr\u00e9ation de l'association et ses membres - Les Caboteurs de Lune","og_description":"Les Caboteurs de Lune association promotion Fret \u00e0 la Voile Noirmoutier Vend\u00e9e","og_url":"https:\/\/lescaboteursdelune.fr\/index.php\/creation-de-lassociation\/","og_site_name":"Les Caboteurs de Lune","article_modified_time":"2024-03-21T17:01:00+00:00","og_image":[{"width":1024,"height":559,"url":"http:\/\/lescaboteursdelune.fr\/wp-content\/uploads\/2024\/02\/Deco-1024x559.png","type":"image\/png"}],"twitter_card":"summary_large_image","twitter_misc":{"Dur\u00e9e de lecture estim\u00e9e":"4 minutes"},"schema":{"@context":"https:\/\/schema.org","@graph":[{"@type":"WebPage","@id":"https:\/\/lescaboteursdelune.fr\/index.php\/creation-de-lassociation\/","url":"https:\/\/lescaboteursdelune.fr\/index.php\/creation-de-lassociation\/","name":"Cr\u00e9ation de l'association et ses membres - Les Caboteurs de Lune","isPartOf":{"@id":"https:\/\/lescaboteursdelune.fr\/#website"},"datePublished":"2019-09-23T14:55:15+00:00","dateModified":"2024-03-21T17:01:00+00:00","description":"Les Caboteurs de Lune association promotion Fret \u00e0 la Voile Noirmoutier Vend\u00e9e","breadcrumb":{"@id":"https:\/\/lescaboteursdelune.fr\/index.php\/creation-de-lassociation\/#breadcrumb"},"inLanguage":"fr-FR","potentialAction":[{"@type":"ReadAction","target":["https:\/\/lescaboteursdelune.fr\/index.php\/creation-de-lassociation\/"]}]},{"@type":"BreadcrumbList","@id":"https:\/\/lescaboteursdelune.fr\/index.php\/creation-de-lassociation\/#breadcrumb","itemListElement":[{"@type":"ListItem","position":1,"name":"Accueil","item":"https:\/\/lescaboteursdelune.fr\/"},{"@type":"ListItem","position":2,"name":"Cr\u00e9ation de l&rsquo;association et ses membres"}]},{"@type":"WebSite","@id":"https:\/\/lescaboteursdelune.fr\/#website","url":"https:\/\/lescaboteursdelune.fr\/","name":"Les Caboteurs de Lune","description":"Comptoir de fret \u00e0 la voile","publisher":{"@id":"https:\/\/lescaboteursdelune.fr\/#organization"},"potentialAction":[{"@type":"SearchAction","target":{"@type":"EntryPoint","urlTemplate":"https:\/\/lescaboteursdelune.fr\/?s={search_term_string}"},"query-input":"required name=search_term_string"}],"inLanguage":"fr-FR"},{"@type":"Organization","@id":"https:\/\/lescaboteursdelune.fr\/#organization","name":"Les Caboteurs de Lune","url":"https:\/\/lescaboteursdelune.fr\/","logo":{"@type":"ImageObject","inLanguage":"fr-FR","@id":"https:\/\/lescaboteursdelune.fr\/#\/schema\/logo\/image\/","url":"https:\/\/lescaboteursdelune.fr\/wp-content\/uploads\/2018\/07\/logo_caboteur.jpg","contentUrl":"https:\/\/lescaboteursdelune.fr\/wp-content\/uploads\/2018\/07\/logo_caboteur.jpg","width":960,"height":960,"caption":"Les Caboteurs de Lune"},"image":{"@id":"https:\/\/lescaboteursdelune.fr\/#\/schema\/logo\/image\/"}}]}},"_links":{"self":[{"href":"https:\/\/lescaboteursdelune.fr\/index.php\/wp-json\/wp\/v2\/pages\/602","targetHints":{"allow":["GET"]}}],"collection":[{"href":"https:\/\/lescaboteursdelune.fr\/index.php\/wp-json\/wp\/v2\/pages"}],"about":[{"href":"https:\/\/lescaboteursdelune.fr\/index.php\/wp-json\/wp\/v2\/types\/page"}],"author":[{"embeddable":true,"href":"https:\/\/lescaboteursdelune.fr\/index.php\/wp-json\/wp\/v2\/users\/2"}],"replies":[{"embeddable":true,"href":"https:\/\/lescaboteursdelune.fr\/index.php\/wp-json\/wp\/v2\/comments?post=602"}],"version-history":[{"count":19,"href":"https:\/\/lescaboteursdelune.fr\/index.php\/wp-json\/wp\/v2\/pages\/602\/revisions"}],"predecessor-version":[{"id":1886,"href":"https:\/\/lescaboteursdelune.fr\/index.php\/wp-json\/wp\/v2\/pages\/602\/revisions\/1886"}],"wp:featuredmedia":[{"embeddable":true,"href":"https:\/\/lescaboteursdelune.fr\/index.php\/wp-json\/wp\/v2\/media\/1350"}],"wp:attachment":[{"href":"https:\/\/lescaboteursdelune.fr\/index.php\/wp-json\/wp\/v2\/media?parent=602"}],"curies":[{"name":"wp","href":"https:\/\/api.w.org\/{rel}","templated":true}]}}