{"id":1806,"date":"2024-03-06T20:07:58","date_gmt":"2024-03-06T19:07:58","guid":{"rendered":"https:\/\/lescaboteursdelune.fr\/?page_id=1806"},"modified":"2024-03-06T21:28:33","modified_gmt":"2024-03-06T20:28:33","slug":"comptoir-du-transport-a-la-voile-les-sables-dolonne","status":"publish","type":"page","link":"https:\/\/lescaboteursdelune.fr\/index.php\/comptoir-du-transport-a-la-voile-les-sables-dolonne\/","title":{"rendered":"Comptoir du transport \u00e0 la voile &#8211; Les Sables d&rsquo;Olonne"},"content":{"rendered":"\n<p><strong>Distributeur<\/strong>.<\/p>\n\n\n\n<div class=\"wp-block-media-text is-stacked-on-mobile is-image-fill has-white-color has-blue-background-color has-text-color has-background has-link-color wp-elements-1fa5e9b86e4c250e0fb5cb71880216a0\" style=\"grid-template-columns:23% auto\"><figure class=\"wp-block-media-text__media\" style=\"background-image:url(http:\/\/lescaboteursdelune.fr\/wp-content\/uploads\/2024\/02\/375170583_266195669662565_5482284133172534015_n-1.jpg);background-position:50% 50%\"><img loading=\"lazy\" decoding=\"async\" width=\"928\" height=\"928\" src=\"http:\/\/lescaboteursdelune.fr\/wp-content\/uploads\/2024\/02\/375170583_266195669662565_5482284133172534015_n-1.jpg\" alt=\"\" class=\"wp-image-1367 size-full\" srcset=\"https:\/\/lescaboteursdelune.fr\/wp-content\/uploads\/2024\/02\/375170583_266195669662565_5482284133172534015_n-1.jpg 928w, https:\/\/lescaboteursdelune.fr\/wp-content\/uploads\/2024\/02\/375170583_266195669662565_5482284133172534015_n-1-300x300.jpg 300w, https:\/\/lescaboteursdelune.fr\/wp-content\/uploads\/2024\/02\/375170583_266195669662565_5482284133172534015_n-1-150x150.jpg 150w, https:\/\/lescaboteursdelune.fr\/wp-content\/uploads\/2024\/02\/375170583_266195669662565_5482284133172534015_n-1-768x768.jpg 768w, https:\/\/lescaboteursdelune.fr\/wp-content\/uploads\/2024\/02\/375170583_266195669662565_5482284133172534015_n-1-180x180.jpg 180w\" sizes=\"auto, (max-width: 928px) 100vw, 928px\" \/><\/figure><div class=\"wp-block-media-text__content\">\n<p><\/p>\n\n\n\n<h2 class=\"wp-block-heading\"><a href=\"https:\/\/www.google.fr\/maps\/place\/Les+Sables-d'Olonne\/@46.5265634,-1.843566,12z\/data=!3m1!4b1!4m6!3m5!1s0x4804678ad779b81f:0x40d37521e09b240!8m2!3d46.492958!4d-1.795493!16zL20vMDQ4OWJt?entry=ttu\" target=\"_blank\" rel=\"noreferrer noopener\">France<\/a> \ud83d\udccc<\/h2>\n\n\n\n<p>Cr\u00e9\u00e9 en 2023, ce nouveau comptoir de marchandises transport\u00e9es \u00e0 la voile s&rsquo;installe au Sables d&rsquo;Olonne afin d&rsquo;offrir aux professionnels un approvisionnement r\u00e9gulier.<\/p>\n\n\n\n<p><a href=\"https:\/\/www.facebook.com\/comptoir.lso\" target=\"_blank\" rel=\"noreferrer noopener\">https:\/\/www.facebook.com\/comptoir.lso<\/a><\/p>\n\n\n\n<p><\/p>\n<\/div><\/div>\n","protected":false},"excerpt":{"rendered":"<p>Distributeur. France \ud83d\udccc Cr\u00e9\u00e9 en 2023, ce nouveau comptoir de marchandises transport\u00e9es \u00e0 la voile s&rsquo;installe au Sables d&rsquo;Olonne afin d&rsquo;offrir aux professionnels un approvisionnement r\u00e9gulier. https:\/\/www.facebook.com\/comptoir.lso<\/p>\n","protected":false},"author":2,"featured_media":0,"parent":0,"menu_order":0,"comment_status":"closed","ping_status":"closed","template":"","meta":{"footnotes":""},"class_list":["post-1806","page","type-page","status-publish","hentry","without-featured-image"],"yoast_head":"<!-- This site is optimized with the Yoast SEO plugin v21.8.1 - https:\/\/yoast.com\/wordpress\/plugins\/seo\/ -->\n<title>Comptoir du transport \u00e0 la voile - Les Sables d&#039;Olonne - Les Caboteurs de Lune<\/title>\n<meta name=\"description\" content=\"Les Caboteurs de Lune association promotion Fret \u00e0 la Voile Noirmoutier Vend\u00e9e\" \/>\n<meta name=\"robots\" content=\"index, follow, max-snippet:-1, max-image-preview:large, max-video-preview:-1\" \/>\n<link rel=\"canonical\" href=\"https:\/\/lescaboteursdelune.fr\/index.php\/comptoir-du-transport-a-la-voile-les-sables-dolonne\/\" \/>\n<meta property=\"og:locale\" content=\"fr_FR\" \/>\n<meta property=\"og:type\" content=\"article\" \/>\n<meta property=\"og:title\" content=\"Comptoir du transport \u00e0 la voile - Les Sables d&#039;Olonne - Les Caboteurs de Lune\" \/>\n<meta property=\"og:description\" content=\"Les Caboteurs de Lune association promotion Fret \u00e0 la Voile Noirmoutier Vend\u00e9e\" \/>\n<meta property=\"og:url\" content=\"https:\/\/lescaboteursdelune.fr\/index.php\/comptoir-du-transport-a-la-voile-les-sables-dolonne\/\" \/>\n<meta property=\"og:site_name\" content=\"Les Caboteurs de Lune\" \/>\n<meta property=\"article:modified_time\" content=\"2024-03-06T20:28:33+00:00\" \/>\n<meta property=\"og:image\" content=\"http:\/\/lescaboteursdelune.fr\/wp-content\/uploads\/2024\/02\/375170583_266195669662565_5482284133172534015_n-1.jpg\" \/>\n<meta name=\"twitter:card\" content=\"summary_large_image\" \/>\n<meta name=\"twitter:label1\" content=\"Dur\u00e9e de lecture estim\u00e9e\" \/>\n\t<meta name=\"twitter:data1\" content=\"1 minute\" \/>\n<script type=\"application\/ld+json\" class=\"yoast-schema-graph\">{\"@context\":\"https:\/\/schema.org\",\"@graph\":[{\"@type\":\"WebPage\",\"@id\":\"https:\/\/lescaboteursdelune.fr\/index.php\/comptoir-du-transport-a-la-voile-les-sables-dolonne\/\",\"url\":\"https:\/\/lescaboteursdelune.fr\/index.php\/comptoir-du-transport-a-la-voile-les-sables-dolonne\/\",\"name\":\"Comptoir du transport \u00e0 la voile - Les Sables d'Olonne - Les Caboteurs de Lune\",\"isPartOf\":{\"@id\":\"https:\/\/lescaboteursdelune.fr\/#website\"},\"datePublished\":\"2024-03-06T19:07:58+00:00\",\"dateModified\":\"2024-03-06T20:28:33+00:00\",\"description\":\"Les Caboteurs de Lune association promotion Fret \u00e0 la Voile Noirmoutier Vend\u00e9e\",\"breadcrumb\":{\"@id\":\"https:\/\/lescaboteursdelune.fr\/index.php\/comptoir-du-transport-a-la-voile-les-sables-dolonne\/#breadcrumb\"},\"inLanguage\":\"fr-FR\",\"potentialAction\":[{\"@type\":\"ReadAction\",\"target\":[\"https:\/\/lescaboteursdelune.fr\/index.php\/comptoir-du-transport-a-la-voile-les-sables-dolonne\/\"]}]},{\"@type\":\"BreadcrumbList\",\"@id\":\"https:\/\/lescaboteursdelune.fr\/index.php\/comptoir-du-transport-a-la-voile-les-sables-dolonne\/#breadcrumb\",\"itemListElement\":[{\"@type\":\"ListItem\",\"position\":1,\"name\":\"Accueil\",\"item\":\"https:\/\/lescaboteursdelune.fr\/\"},{\"@type\":\"ListItem\",\"position\":2,\"name\":\"Comptoir du transport \u00e0 la voile &#8211; Les Sables d&rsquo;Olonne\"}]},{\"@type\":\"WebSite\",\"@id\":\"https:\/\/lescaboteursdelune.fr\/#website\",\"url\":\"https:\/\/lescaboteursdelune.fr\/\",\"name\":\"Les Caboteurs de Lune\",\"description\":\"Comptoir de fret \u00e0 la voile\",\"publisher\":{\"@id\":\"https:\/\/lescaboteursdelune.fr\/#organization\"},\"potentialAction\":[{\"@type\":\"SearchAction\",\"target\":{\"@type\":\"EntryPoint\",\"urlTemplate\":\"https:\/\/lescaboteursdelune.fr\/?s={search_term_string}\"},\"query-input\":\"required name=search_term_string\"}],\"inLanguage\":\"fr-FR\"},{\"@type\":\"Organization\",\"@id\":\"https:\/\/lescaboteursdelune.fr\/#organization\",\"name\":\"Les Caboteurs de Lune\",\"url\":\"https:\/\/lescaboteursdelune.fr\/\",\"logo\":{\"@type\":\"ImageObject\",\"inLanguage\":\"fr-FR\",\"@id\":\"https:\/\/lescaboteursdelune.fr\/#\/schema\/logo\/image\/\",\"url\":\"https:\/\/lescaboteursdelune.fr\/wp-content\/uploads\/2018\/07\/logo_caboteur.jpg\",\"contentUrl\":\"https:\/\/lescaboteursdelune.fr\/wp-content\/uploads\/2018\/07\/logo_caboteur.jpg\",\"width\":960,\"height\":960,\"caption\":\"Les Caboteurs de Lune\"},\"image\":{\"@id\":\"https:\/\/lescaboteursdelune.fr\/#\/schema\/logo\/image\/\"}}]}<\/script>\n<!-- \/ Yoast SEO plugin. -->","yoast_head_json":{"title":"Comptoir du transport \u00e0 la voile - Les Sables d'Olonne - Les Caboteurs de Lune","description":"Les Caboteurs de Lune association promotion Fret \u00e0 la Voile Noirmoutier Vend\u00e9e","robots":{"index":"index","follow":"follow","max-snippet":"max-snippet:-1","max-image-preview":"max-image-preview:large","max-video-preview":"max-video-preview:-1"},"canonical":"https:\/\/lescaboteursdelune.fr\/index.php\/comptoir-du-transport-a-la-voile-les-sables-dolonne\/","og_locale":"fr_FR","og_type":"article","og_title":"Comptoir du transport \u00e0 la voile - Les Sables d'Olonne - Les Caboteurs de Lune","og_description":"Les Caboteurs de Lune association promotion Fret \u00e0 la Voile Noirmoutier Vend\u00e9e","og_url":"https:\/\/lescaboteursdelune.fr\/index.php\/comptoir-du-transport-a-la-voile-les-sables-dolonne\/","og_site_name":"Les Caboteurs de Lune","article_modified_time":"2024-03-06T20:28:33+00:00","og_image":[{"url":"http:\/\/lescaboteursdelune.fr\/wp-content\/uploads\/2024\/02\/375170583_266195669662565_5482284133172534015_n-1.jpg"}],"twitter_card":"summary_large_image","twitter_misc":{"Dur\u00e9e de lecture estim\u00e9e":"1 minute"},"schema":{"@context":"https:\/\/schema.org","@graph":[{"@type":"WebPage","@id":"https:\/\/lescaboteursdelune.fr\/index.php\/comptoir-du-transport-a-la-voile-les-sables-dolonne\/","url":"https:\/\/lescaboteursdelune.fr\/index.php\/comptoir-du-transport-a-la-voile-les-sables-dolonne\/","name":"Comptoir du transport \u00e0 la voile - Les Sables d'Olonne - Les Caboteurs de Lune","isPartOf":{"@id":"https:\/\/lescaboteursdelune.fr\/#website"},"datePublished":"2024-03-06T19:07:58+00:00","dateModified":"2024-03-06T20:28:33+00:00","description":"Les Caboteurs de Lune association promotion Fret \u00e0 la Voile Noirmoutier Vend\u00e9e","breadcrumb":{"@id":"https:\/\/lescaboteursdelune.fr\/index.php\/comptoir-du-transport-a-la-voile-les-sables-dolonne\/#breadcrumb"},"inLanguage":"fr-FR","potentialAction":[{"@type":"ReadAction","target":["https:\/\/lescaboteursdelune.fr\/index.php\/comptoir-du-transport-a-la-voile-les-sables-dolonne\/"]}]},{"@type":"BreadcrumbList","@id":"https:\/\/lescaboteursdelune.fr\/index.php\/comptoir-du-transport-a-la-voile-les-sables-dolonne\/#breadcrumb","itemListElement":[{"@type":"ListItem","position":1,"name":"Accueil","item":"https:\/\/lescaboteursdelune.fr\/"},{"@type":"ListItem","position":2,"name":"Comptoir du transport \u00e0 la voile &#8211; Les Sables d&rsquo;Olonne"}]},{"@type":"WebSite","@id":"https:\/\/lescaboteursdelune.fr\/#website","url":"https:\/\/lescaboteursdelune.fr\/","name":"Les Caboteurs de Lune","description":"Comptoir de fret \u00e0 la voile","publisher":{"@id":"https:\/\/lescaboteursdelune.fr\/#organization"},"potentialAction":[{"@type":"SearchAction","target":{"@type":"EntryPoint","urlTemplate":"https:\/\/lescaboteursdelune.fr\/?s={search_term_string}"},"query-input":"required name=search_term_string"}],"inLanguage":"fr-FR"},{"@type":"Organization","@id":"https:\/\/lescaboteursdelune.fr\/#organization","name":"Les Caboteurs de Lune","url":"https:\/\/lescaboteursdelune.fr\/","logo":{"@type":"ImageObject","inLanguage":"fr-FR","@id":"https:\/\/lescaboteursdelune.fr\/#\/schema\/logo\/image\/","url":"https:\/\/lescaboteursdelune.fr\/wp-content\/uploads\/2018\/07\/logo_caboteur.jpg","contentUrl":"https:\/\/lescaboteursdelune.fr\/wp-content\/uploads\/2018\/07\/logo_caboteur.jpg","width":960,"height":960,"caption":"Les Caboteurs de Lune"},"image":{"@id":"https:\/\/lescaboteursdelune.fr\/#\/schema\/logo\/image\/"}}]}},"_links":{"self":[{"href":"https:\/\/lescaboteursdelune.fr\/index.php\/wp-json\/wp\/v2\/pages\/1806","targetHints":{"allow":["GET"]}}],"collection":[{"href":"https:\/\/lescaboteursdelune.fr\/index.php\/wp-json\/wp\/v2\/pages"}],"about":[{"href":"https:\/\/lescaboteursdelune.fr\/index.php\/wp-json\/wp\/v2\/types\/page"}],"author":[{"embeddable":true,"href":"https:\/\/lescaboteursdelune.fr\/index.php\/wp-json\/wp\/v2\/users\/2"}],"replies":[{"embeddable":true,"href":"https:\/\/lescaboteursdelune.fr\/index.php\/wp-json\/wp\/v2\/comments?post=1806"}],"version-history":[{"count":7,"href":"https:\/\/lescaboteursdelune.fr\/index.php\/wp-json\/wp\/v2\/pages\/1806\/revisions"}],"predecessor-version":[{"id":1842,"href":"https:\/\/lescaboteursdelune.fr\/index.php\/wp-json\/wp\/v2\/pages\/1806\/revisions\/1842"}],"wp:attachment":[{"href":"https:\/\/lescaboteursdelune.fr\/index.php\/wp-json\/wp\/v2\/media?parent=1806"}],"curies":[{"name":"wp","href":"https:\/\/api.w.org\/{rel}","templated":true}]}}

Comptoir du transport à la voile &#8211; Les Sables d&rsquo;Olonne

<p><strong>Distributeur</strong>.</p>



<div class="wp-block-media-text is-stacked-on-mobile is-image-fill has-white-color has-blue-background-color has-text-color has-background has-link-color wp-elements-1fa5e9b86e4c250e0fb5cb71880216a0" style="grid-template-columns:23% auto"><figure class="wp-block-media-text__media" style="background-image:url(http://lescaboteursdelune.fr/wp-content/uploads/2024/02/375170583_266195669662565_5482284133172534015_n-1.jpg);background-position:50% 50%"><img loading="lazy" decoding="async" width="928" height="928" src="http://lescaboteursdelune.fr/wp-content/uploads/2024/02/375170583_266195669662565_5482284133172534015_n-1.jpg" alt="" class="wp-image-1367 size-full" srcset="https://lescaboteursdelune.fr/wp-content/uploads/2024/02/375170583_266195669662565_5482284133172534015_n-1.jpg 928w, https://lescaboteursdelune.fr/wp-content/uploads/2024/02/375170583_266195669662565_5482284133172534015_n-1-300x300.jpg 300w, https://lescaboteursdelune.fr/wp-content/uploads/2024/02/375170583_266195669662565_5482284133172534015_n-1-150x150.jpg 150w, https://lescaboteursdelune.fr/wp-content/uploads/2024/02/375170583_266195669662565_5482284133172534015_n-1-768x768.jpg 768w, https://lescaboteursdelune.fr/wp-content/uploads/2024/02/375170583_266195669662565_5482284133172534015_n-1-180x180.jpg 180w" sizes="auto, (max-width: 928px) 100vw, 928px" /></figure><div class="wp-block-media-text__content">
<p></p>



<h2 class="wp-block-heading"><a href="https://www.google.fr/maps/place/Les+Sables-d'Olonne/@46.5265634,-1.843566,12z/data=!3m1!4b1!4m6!3m5!1s0x4804678ad779b81f:0x40d37521e09b240!8m2!3d46.492958!4d-1.795493!16zL20vMDQ4OWJt?entry=ttu" target="_blank" rel="noreferrer noopener">France</a> 📌</h2>



<p>Créé en 2023, ce nouveau comptoir de marchandises transportées à la voile s&rsquo;installe au Sables d&rsquo;Olonne afin d&rsquo;offrir aux professionnels un approvisionnement régulier.</p>



<p><a href="https://www.facebook.com/comptoir.lso" target="_blank" rel="noreferrer noopener">https://www.facebook.com/comptoir.lso</a></p>



<p></p>
</div></div>

<p>Distributeur. France 📌 Créé en 2023, ce nouveau comptoir de marchandises transportées à la voile s&rsquo;installe au Sables d&rsquo;Olonne afin d&rsquo;offrir aux professionnels un approvisionnement régulier. https://www.facebook.com/comptoir.lso</p>

<!-- This site is optimized with the Yoast SEO plugin v21.8.1 - https://yoast.com/wordpress/plugins/seo/ -->
<title>Comptoir du transport à la voile - Les Sables d&#039;Olonne - Les Caboteurs de Lune</title>
<meta name="description" content="Les Caboteurs de Lune association promotion Fret à la Voile Noirmoutier Vendée" />
<meta name="robots" content="index, follow, max-snippet:-1, max-image-preview:large, max-video-preview:-1" />
<link rel="canonical" href="https://lescaboteursdelune.fr/index.php/comptoir-du-transport-a-la-voile-les-sables-dolonne/" />
<meta property="og:locale" content="fr_FR" />
<meta property="og:type" content="article" />
<meta property="og:title" content="Comptoir du transport à la voile - Les Sables d&#039;Olonne - Les Caboteurs de Lune" />
<meta property="og:description" content="Les Caboteurs de Lune association promotion Fret à la Voile Noirmoutier Vendée" />
<meta property="og:url" content="https://lescaboteursdelune.fr/index.php/comptoir-du-transport-a-la-voile-les-sables-dolonne/" />
<meta property="og:site_name" content="Les Caboteurs de Lune" />
<meta property="article:modified_time" content="2024-03-06T20:28:33+00:00" />
<meta property="og:image" content="http://lescaboteursdelune.fr/wp-content/uploads/2024/02/375170583_266195669662565_5482284133172534015_n-1.jpg" />
<meta name="twitter:card" content="summary_large_image" />
<meta name="twitter:label1" content="Durée de lecture estimée" />
	<meta name="twitter:data1" content="1 minute" />
<script type="application/ld+json" class="yoast-schema-graph">{"@context":"https://schema.org","@graph":[{"@type":"WebPage","@id":"https://lescaboteursdelune.fr/index.php/comptoir-du-transport-a-la-voile-les-sables-dolonne/","url":"https://lescaboteursdelune.fr/index.php/comptoir-du-transport-a-la-voile-les-sables-dolonne/","name":"Comptoir du transport à la voile - Les Sables d'Olonne - Les Caboteurs de Lune","isPartOf":{"@id":"https://lescaboteursdelune.fr/#website"},"datePublished":"2024-03-06T19:07:58+00:00","dateModified":"2024-03-06T20:28:33+00:00","description":"Les Caboteurs de Lune association promotion Fret à la Voile Noirmoutier Vendée","breadcrumb":{"@id":"https://lescaboteursdelune.fr/index.php/comptoir-du-transport-a-la-voile-les-sables-dolonne/#breadcrumb"},"inLanguage":"fr-FR","potentialAction":[{"@type":"ReadAction","target":["https://lescaboteursdelune.fr/index.php/comptoir-du-transport-a-la-voile-les-sables-dolonne/"]}]},{"@type":"BreadcrumbList","@id":"https://lescaboteursdelune.fr/index.php/comptoir-du-transport-a-la-voile-les-sables-dolonne/#breadcrumb","itemListElement":[{"@type":"ListItem","position":1,"name":"Accueil","item":"https://lescaboteursdelune.fr/"},{"@type":"ListItem","position":2,"name":"Comptoir du transport à la voile &#8211; Les Sables d&rsquo;Olonne"}]},{"@type":"WebSite","@id":"https://lescaboteursdelune.fr/#website","url":"https://lescaboteursdelune.fr/","name":"Les Caboteurs de Lune","description":"Comptoir de fret à la voile","publisher":{"@id":"https://lescaboteursdelune.fr/#organization"},"potentialAction":[{"@type":"SearchAction","target":{"@type":"EntryPoint","urlTemplate":"https://lescaboteursdelune.fr/?s={search_term_string}"},"query-input":"required name=search_term_string"}],"inLanguage":"fr-FR"},{"@type":"Organization","@id":"https://lescaboteursdelune.fr/#organization","name":"Les Caboteurs de Lune","url":"https://lescaboteursdelune.fr/","logo":{"@type":"ImageObject","inLanguage":"fr-FR","@id":"https://lescaboteursdelune.fr/#/schema/logo/image/","url":"https://lescaboteursdelune.fr/wp-content/uploads/2018/07/logo_caboteur.jpg","contentUrl":"https://lescaboteursdelune.fr/wp-content/uploads/2018/07/logo_caboteur.jpg","width":960,"height":960,"caption":"Les Caboteurs de Lune"},"image":{"@id":"https://lescaboteursdelune.fr/#/schema/logo/image/"}}]}</script>
<!-- / Yoast SEO plugin. -->

Comptoir du transport à la voile - Les Sables d'Olonne - Les Caboteurs de Lune

Les Caboteurs de Lune association promotion Fret à la Voile Noirmoutier Vendée

Comptoir de fret à la voile
