{"id":1649,"date":"2024-03-06T15:28:45","date_gmt":"2024-03-06T14:28:45","guid":{"rendered":"https:\/\/lescaboteursdelune.fr\/?page_id=1649"},"modified":"2024-03-06T15:28:46","modified_gmt":"2024-03-06T14:28:46","slug":"les-amandes","status":"publish","type":"page","link":"https:\/\/lescaboteursdelune.fr\/index.php\/les-amandes\/","title":{"rendered":"Les amandes"},"content":{"rendered":"\n<p>Les amandes sont servies en vrac, pensez \u00e0 emporter votre contenant ! \ud83d\ude09<\/p>\n\n\n\n<div class=\"wp-block-media-text is-stacked-on-mobile is-image-fill has-white-color has-blue-background-color has-text-color has-background has-link-color wp-elements-b43f33e9da50f1273ec6bbe09e732651\" style=\"grid-template-columns:36% auto\"><figure class=\"wp-block-media-text__media\" style=\"background-image:url(https:\/\/lescaboteursdelune.fr\/wp-content\/uploads\/2024\/03\/amandes-1024x682.jpg);background-position:50% 50%\"><img loading=\"lazy\" decoding=\"async\" width=\"1024\" height=\"682\" src=\"https:\/\/lescaboteursdelune.fr\/wp-content\/uploads\/2024\/03\/amandes-1024x682.jpg\" alt=\"\" class=\"wp-image-1638 size-full\" srcset=\"https:\/\/lescaboteursdelune.fr\/wp-content\/uploads\/2024\/03\/amandes-1024x682.jpg 1024w, https:\/\/lescaboteursdelune.fr\/wp-content\/uploads\/2024\/03\/amandes-300x200.jpg 300w, https:\/\/lescaboteursdelune.fr\/wp-content\/uploads\/2024\/03\/amandes-768x512.jpg 768w, https:\/\/lescaboteursdelune.fr\/wp-content\/uploads\/2024\/03\/amandes-1536x1024.jpg 1536w, https:\/\/lescaboteursdelune.fr\/wp-content\/uploads\/2024\/03\/amandes.jpg 1688w\" sizes=\"auto, (max-width: 1024px) 100vw, 1024px\" \/><\/figure><div class=\"wp-block-media-text__content\">\n<h2 class=\"wp-block-heading has-text-align-center\"><strong>Amandes d\u00e9cortiqu\u00e9es SORESA<\/strong><\/h2>\n\n\n\n<p class=\"has-text-align-right\"><strong>Certifi\u00e9es Biologiques<\/strong>.<\/p>\n\n\n\n<p class=\"has-text-align-right\">Ces amandes naturellement s\u00e9ch\u00e9es proviennent de terres situ\u00e9es \u00e0 Tr\u00e1s-os-Montes, entre la \u2018terre chaude\u2019 et la \u2018terre froide\u2019\u2019, leur donnant des caract\u00e9ristiques<br>et un go\u00fbt bien sup\u00e9rieur.<\/p>\n\n\n\n<p class=\"has-text-align-right\"><strong>Pr\u00e9commande<\/strong>&nbsp;: 18\u20ac\/kg<\/p>\n\n\n\n<p class=\"has-text-align-right\"><strong>Sur place<\/strong>&nbsp;: 20\u20ac\/kg<\/p>\n<\/div><\/div>\n","protected":false},"excerpt":{"rendered":"<p>Les amandes sont servies en vrac, pensez \u00e0 emporter votre contenant ! \ud83d\ude09 Amandes d\u00e9cortiqu\u00e9es SORESA Certifi\u00e9es Biologiques. Ces amandes naturellement s\u00e9ch\u00e9es proviennent de terres situ\u00e9es \u00e0 Tr\u00e1s-os-Montes, entre la \u2018terre chaude\u2019 et la \u2018terre froide\u2019\u2019, leur donnant des caract\u00e9ristiqueset un go\u00fbt bien sup\u00e9rieur. Pr\u00e9commande&nbsp;: 18\u20ac\/kg Sur place&nbsp;: 20\u20ac\/kg<\/p>\n","protected":false},"author":2,"featured_media":0,"parent":0,"menu_order":0,"comment_status":"closed","ping_status":"closed","template":"","meta":{"footnotes":""},"class_list":["post-1649","page","type-page","status-publish","hentry","without-featured-image"],"yoast_head":"<!-- This site is optimized with the Yoast SEO plugin v21.8.1 - https:\/\/yoast.com\/wordpress\/plugins\/seo\/ -->\n<title>Les amandes - Les Caboteurs de Lune<\/title>\n<meta name=\"description\" content=\"Les Caboteurs de Lune association promotion Fret \u00e0 la Voile Noirmoutier Vend\u00e9e\" \/>\n<meta name=\"robots\" content=\"index, follow, max-snippet:-1, max-image-preview:large, max-video-preview:-1\" \/>\n<link rel=\"canonical\" href=\"https:\/\/lescaboteursdelune.fr\/index.php\/les-amandes\/\" \/>\n<meta property=\"og:locale\" content=\"fr_FR\" \/>\n<meta property=\"og:type\" content=\"article\" \/>\n<meta property=\"og:title\" content=\"Les amandes - Les Caboteurs de Lune\" \/>\n<meta property=\"og:description\" content=\"Les Caboteurs de Lune association promotion Fret \u00e0 la Voile Noirmoutier Vend\u00e9e\" \/>\n<meta property=\"og:url\" content=\"https:\/\/lescaboteursdelune.fr\/index.php\/les-amandes\/\" \/>\n<meta property=\"og:site_name\" content=\"Les Caboteurs de Lune\" \/>\n<meta property=\"article:modified_time\" content=\"2024-03-06T14:28:46+00:00\" \/>\n<meta property=\"og:image\" content=\"https:\/\/lescaboteursdelune.fr\/wp-content\/uploads\/2024\/03\/amandes-1024x682.jpg\" \/>\n<meta name=\"twitter:card\" content=\"summary_large_image\" \/>\n<meta name=\"twitter:label1\" content=\"Dur\u00e9e de lecture estim\u00e9e\" \/>\n\t<meta name=\"twitter:data1\" content=\"1 minute\" \/>\n<script type=\"application\/ld+json\" class=\"yoast-schema-graph\">{\"@context\":\"https:\/\/schema.org\",\"@graph\":[{\"@type\":\"WebPage\",\"@id\":\"https:\/\/lescaboteursdelune.fr\/index.php\/les-amandes\/\",\"url\":\"https:\/\/lescaboteursdelune.fr\/index.php\/les-amandes\/\",\"name\":\"Les amandes - Les Caboteurs de Lune\",\"isPartOf\":{\"@id\":\"https:\/\/lescaboteursdelune.fr\/#website\"},\"datePublished\":\"2024-03-06T14:28:45+00:00\",\"dateModified\":\"2024-03-06T14:28:46+00:00\",\"description\":\"Les Caboteurs de Lune association promotion Fret \u00e0 la Voile Noirmoutier Vend\u00e9e\",\"breadcrumb\":{\"@id\":\"https:\/\/lescaboteursdelune.fr\/index.php\/les-amandes\/#breadcrumb\"},\"inLanguage\":\"fr-FR\",\"potentialAction\":[{\"@type\":\"ReadAction\",\"target\":[\"https:\/\/lescaboteursdelune.fr\/index.php\/les-amandes\/\"]}]},{\"@type\":\"BreadcrumbList\",\"@id\":\"https:\/\/lescaboteursdelune.fr\/index.php\/les-amandes\/#breadcrumb\",\"itemListElement\":[{\"@type\":\"ListItem\",\"position\":1,\"name\":\"Accueil\",\"item\":\"https:\/\/lescaboteursdelune.fr\/\"},{\"@type\":\"ListItem\",\"position\":2,\"name\":\"Les amandes\"}]},{\"@type\":\"WebSite\",\"@id\":\"https:\/\/lescaboteursdelune.fr\/#website\",\"url\":\"https:\/\/lescaboteursdelune.fr\/\",\"name\":\"Les Caboteurs de Lune\",\"description\":\"Comptoir de fret \u00e0 la voile\",\"publisher\":{\"@id\":\"https:\/\/lescaboteursdelune.fr\/#organization\"},\"potentialAction\":[{\"@type\":\"SearchAction\",\"target\":{\"@type\":\"EntryPoint\",\"urlTemplate\":\"https:\/\/lescaboteursdelune.fr\/?s={search_term_string}\"},\"query-input\":\"required name=search_term_string\"}],\"inLanguage\":\"fr-FR\"},{\"@type\":\"Organization\",\"@id\":\"https:\/\/lescaboteursdelune.fr\/#organization\",\"name\":\"Les Caboteurs de Lune\",\"url\":\"https:\/\/lescaboteursdelune.fr\/\",\"logo\":{\"@type\":\"ImageObject\",\"inLanguage\":\"fr-FR\",\"@id\":\"https:\/\/lescaboteursdelune.fr\/#\/schema\/logo\/image\/\",\"url\":\"https:\/\/lescaboteursdelune.fr\/wp-content\/uploads\/2018\/07\/logo_caboteur.jpg\",\"contentUrl\":\"https:\/\/lescaboteursdelune.fr\/wp-content\/uploads\/2018\/07\/logo_caboteur.jpg\",\"width\":960,\"height\":960,\"caption\":\"Les Caboteurs de Lune\"},\"image\":{\"@id\":\"https:\/\/lescaboteursdelune.fr\/#\/schema\/logo\/image\/\"}}]}<\/script>\n<!-- \/ Yoast SEO plugin. -->","yoast_head_json":{"title":"Les amandes - Les Caboteurs de Lune","description":"Les Caboteurs de Lune association promotion Fret \u00e0 la Voile Noirmoutier Vend\u00e9e","robots":{"index":"index","follow":"follow","max-snippet":"max-snippet:-1","max-image-preview":"max-image-preview:large","max-video-preview":"max-video-preview:-1"},"canonical":"https:\/\/lescaboteursdelune.fr\/index.php\/les-amandes\/","og_locale":"fr_FR","og_type":"article","og_title":"Les amandes - Les Caboteurs de Lune","og_description":"Les Caboteurs de Lune association promotion Fret \u00e0 la Voile Noirmoutier Vend\u00e9e","og_url":"https:\/\/lescaboteursdelune.fr\/index.php\/les-amandes\/","og_site_name":"Les Caboteurs de Lune","article_modified_time":"2024-03-06T14:28:46+00:00","og_image":[{"url":"https:\/\/lescaboteursdelune.fr\/wp-content\/uploads\/2024\/03\/amandes-1024x682.jpg"}],"twitter_card":"summary_large_image","twitter_misc":{"Dur\u00e9e de lecture estim\u00e9e":"1 minute"},"schema":{"@context":"https:\/\/schema.org","@graph":[{"@type":"WebPage","@id":"https:\/\/lescaboteursdelune.fr\/index.php\/les-amandes\/","url":"https:\/\/lescaboteursdelune.fr\/index.php\/les-amandes\/","name":"Les amandes - Les Caboteurs de Lune","isPartOf":{"@id":"https:\/\/lescaboteursdelune.fr\/#website"},"datePublished":"2024-03-06T14:28:45+00:00","dateModified":"2024-03-06T14:28:46+00:00","description":"Les Caboteurs de Lune association promotion Fret \u00e0 la Voile Noirmoutier Vend\u00e9e","breadcrumb":{"@id":"https:\/\/lescaboteursdelune.fr\/index.php\/les-amandes\/#breadcrumb"},"inLanguage":"fr-FR","potentialAction":[{"@type":"ReadAction","target":["https:\/\/lescaboteursdelune.fr\/index.php\/les-amandes\/"]}]},{"@type":"BreadcrumbList","@id":"https:\/\/lescaboteursdelune.fr\/index.php\/les-amandes\/#breadcrumb","itemListElement":[{"@type":"ListItem","position":1,"name":"Accueil","item":"https:\/\/lescaboteursdelune.fr\/"},{"@type":"ListItem","position":2,"name":"Les amandes"}]},{"@type":"WebSite","@id":"https:\/\/lescaboteursdelune.fr\/#website","url":"https:\/\/lescaboteursdelune.fr\/","name":"Les Caboteurs de Lune","description":"Comptoir de fret \u00e0 la voile","publisher":{"@id":"https:\/\/lescaboteursdelune.fr\/#organization"},"potentialAction":[{"@type":"SearchAction","target":{"@type":"EntryPoint","urlTemplate":"https:\/\/lescaboteursdelune.fr\/?s={search_term_string}"},"query-input":"required name=search_term_string"}],"inLanguage":"fr-FR"},{"@type":"Organization","@id":"https:\/\/lescaboteursdelune.fr\/#organization","name":"Les Caboteurs de Lune","url":"https:\/\/lescaboteursdelune.fr\/","logo":{"@type":"ImageObject","inLanguage":"fr-FR","@id":"https:\/\/lescaboteursdelune.fr\/#\/schema\/logo\/image\/","url":"https:\/\/lescaboteursdelune.fr\/wp-content\/uploads\/2018\/07\/logo_caboteur.jpg","contentUrl":"https:\/\/lescaboteursdelune.fr\/wp-content\/uploads\/2018\/07\/logo_caboteur.jpg","width":960,"height":960,"caption":"Les Caboteurs de Lune"},"image":{"@id":"https:\/\/lescaboteursdelune.fr\/#\/schema\/logo\/image\/"}}]}},"_links":{"self":[{"href":"https:\/\/lescaboteursdelune.fr\/index.php\/wp-json\/wp\/v2\/pages\/1649","targetHints":{"allow":["GET"]}}],"collection":[{"href":"https:\/\/lescaboteursdelune.fr\/index.php\/wp-json\/wp\/v2\/pages"}],"about":[{"href":"https:\/\/lescaboteursdelune.fr\/index.php\/wp-json\/wp\/v2\/types\/page"}],"author":[{"embeddable":true,"href":"https:\/\/lescaboteursdelune.fr\/index.php\/wp-json\/wp\/v2\/users\/2"}],"replies":[{"embeddable":true,"href":"https:\/\/lescaboteursdelune.fr\/index.php\/wp-json\/wp\/v2\/comments?post=1649"}],"version-history":[{"count":2,"href":"https:\/\/lescaboteursdelune.fr\/index.php\/wp-json\/wp\/v2\/pages\/1649\/revisions"}],"predecessor-version":[{"id":1673,"href":"https:\/\/lescaboteursdelune.fr\/index.php\/wp-json\/wp\/v2\/pages\/1649\/revisions\/1673"}],"wp:attachment":[{"href":"https:\/\/lescaboteursdelune.fr\/index.php\/wp-json\/wp\/v2\/media?parent=1649"}],"curies":[{"name":"wp","href":"https:\/\/api.w.org\/{rel}","templated":true}]}}

<p>Les amandes sont servies en vrac, pensez à emporter votre contenant ! 😉</p>



<div class="wp-block-media-text is-stacked-on-mobile is-image-fill has-white-color has-blue-background-color has-text-color has-background has-link-color wp-elements-b43f33e9da50f1273ec6bbe09e732651" style="grid-template-columns:36% auto"><figure class="wp-block-media-text__media" style="background-image:url(https://lescaboteursdelune.fr/wp-content/uploads/2024/03/amandes-1024x682.jpg);background-position:50% 50%"><img loading="lazy" decoding="async" width="1024" height="682" src="https://lescaboteursdelune.fr/wp-content/uploads/2024/03/amandes-1024x682.jpg" alt="" class="wp-image-1638 size-full" srcset="https://lescaboteursdelune.fr/wp-content/uploads/2024/03/amandes-1024x682.jpg 1024w, https://lescaboteursdelune.fr/wp-content/uploads/2024/03/amandes-300x200.jpg 300w, https://lescaboteursdelune.fr/wp-content/uploads/2024/03/amandes-768x512.jpg 768w, https://lescaboteursdelune.fr/wp-content/uploads/2024/03/amandes-1536x1024.jpg 1536w, https://lescaboteursdelune.fr/wp-content/uploads/2024/03/amandes.jpg 1688w" sizes="auto, (max-width: 1024px) 100vw, 1024px" /></figure><div class="wp-block-media-text__content">
<h2 class="wp-block-heading has-text-align-center"><strong>Amandes décortiquées SORESA</strong></h2>



<p class="has-text-align-right"><strong>Certifiées Biologiques</strong>.</p>



<p class="has-text-align-right">Ces amandes naturellement séchées proviennent de terres situées à Trás-os-Montes, entre la ‘terre chaude’ et la ‘terre froide’’, leur donnant des caractéristiques<br>et un goût bien supérieur.</p>



<p class="has-text-align-right"><strong>Précommande</strong>&nbsp;: 18€/kg</p>



<p class="has-text-align-right"><strong>Sur place</strong>&nbsp;: 20€/kg</p>
</div></div>

<p>Les amandes sont servies en vrac, pensez à emporter votre contenant ! 😉 Amandes décortiquées SORESA Certifiées Biologiques. Ces amandes naturellement séchées proviennent de terres situées à Trás-os-Montes, entre la ‘terre chaude’ et la ‘terre froide’’, leur donnant des caractéristiqueset un goût bien supérieur. Précommande&nbsp;: 18€/kg Sur place&nbsp;: 20€/kg</p>

<!-- This site is optimized with the Yoast SEO plugin v21.8.1 - https://yoast.com/wordpress/plugins/seo/ -->
<title>Les amandes - Les Caboteurs de Lune</title>
<meta name="description" content="Les Caboteurs de Lune association promotion Fret à la Voile Noirmoutier Vendée" />
<meta name="robots" content="index, follow, max-snippet:-1, max-image-preview:large, max-video-preview:-1" />
<link rel="canonical" href="https://lescaboteursdelune.fr/index.php/les-amandes/" />
<meta property="og:locale" content="fr_FR" />
<meta property="og:type" content="article" />
<meta property="og:title" content="Les amandes - Les Caboteurs de Lune" />
<meta property="og:description" content="Les Caboteurs de Lune association promotion Fret à la Voile Noirmoutier Vendée" />
<meta property="og:url" content="https://lescaboteursdelune.fr/index.php/les-amandes/" />
<meta property="og:site_name" content="Les Caboteurs de Lune" />
<meta property="article:modified_time" content="2024-03-06T14:28:46+00:00" />
<meta property="og:image" content="https://lescaboteursdelune.fr/wp-content/uploads/2024/03/amandes-1024x682.jpg" />
<meta name="twitter:card" content="summary_large_image" />
<meta name="twitter:label1" content="Durée de lecture estimée" />
	<meta name="twitter:data1" content="1 minute" />
<script type="application/ld+json" class="yoast-schema-graph">{"@context":"https://schema.org","@graph":[{"@type":"WebPage","@id":"https://lescaboteursdelune.fr/index.php/les-amandes/","url":"https://lescaboteursdelune.fr/index.php/les-amandes/","name":"Les amandes - Les Caboteurs de Lune","isPartOf":{"@id":"https://lescaboteursdelune.fr/#website"},"datePublished":"2024-03-06T14:28:45+00:00","dateModified":"2024-03-06T14:28:46+00:00","description":"Les Caboteurs de Lune association promotion Fret à la Voile Noirmoutier Vendée","breadcrumb":{"@id":"https://lescaboteursdelune.fr/index.php/les-amandes/#breadcrumb"},"inLanguage":"fr-FR","potentialAction":[{"@type":"ReadAction","target":["https://lescaboteursdelune.fr/index.php/les-amandes/"]}]},{"@type":"BreadcrumbList","@id":"https://lescaboteursdelune.fr/index.php/les-amandes/#breadcrumb","itemListElement":[{"@type":"ListItem","position":1,"name":"Accueil","item":"https://lescaboteursdelune.fr/"},{"@type":"ListItem","position":2,"name":"Les amandes"}]},{"@type":"WebSite","@id":"https://lescaboteursdelune.fr/#website","url":"https://lescaboteursdelune.fr/","name":"Les Caboteurs de Lune","description":"Comptoir de fret à la voile","publisher":{"@id":"https://lescaboteursdelune.fr/#organization"},"potentialAction":[{"@type":"SearchAction","target":{"@type":"EntryPoint","urlTemplate":"https://lescaboteursdelune.fr/?s={search_term_string}"},"query-input":"required name=search_term_string"}],"inLanguage":"fr-FR"},{"@type":"Organization","@id":"https://lescaboteursdelune.fr/#organization","name":"Les Caboteurs de Lune","url":"https://lescaboteursdelune.fr/","logo":{"@type":"ImageObject","inLanguage":"fr-FR","@id":"https://lescaboteursdelune.fr/#/schema/logo/image/","url":"https://lescaboteursdelune.fr/wp-content/uploads/2018/07/logo_caboteur.jpg","contentUrl":"https://lescaboteursdelune.fr/wp-content/uploads/2018/07/logo_caboteur.jpg","width":960,"height":960,"caption":"Les Caboteurs de Lune"},"image":{"@id":"https://lescaboteursdelune.fr/#/schema/logo/image/"}}]}</script>
<!-- / Yoast SEO plugin. -->

Les Caboteurs de Lune association promotion Fret à la Voile Noirmoutier Vendée

Comptoir de fret à la voile
