{"id":1553,"date":"2024-02-16T00:38:39","date_gmt":"2024-02-15T23:38:39","guid":{"rendered":"https:\/\/lescaboteursdelune.fr\/?page_id=1553"},"modified":"2025-07-27T20:41:18","modified_gmt":"2025-07-27T18:41:18","slug":"campagne-en-cours","status":"publish","type":"page","link":"https:\/\/lescaboteursdelune.fr\/index.php\/campagne-en-cours\/","title":{"rendered":"Campagne \u00e9t\u00e9 2024"},"content":{"rendered":"\n<p>Nous allons cette ann\u00e9e accueillir une fois de plus nos amis de la BSC (anciennement la&nbsp;<a href=\"https:\/\/www.bsc.sc\/navigation\/#position\" target=\"_blank\" rel=\"noreferrer noopener\">Blue Schooner Company<\/a>) et leur navire Gallant \u00e0 Noirmoutier cette ann\u00e9e !<\/p>\n\n\n\n<p>Prenez garde car ce sera&nbsp;la seule et unique campagne de 2024.&nbsp;Mais avec de nouveaux produits (et pas des moindres) ! Vous les retrouverez dans notre brochure disponible dans le lien ci-dessous :<\/p>\n\n\n\n<div class=\"wp-block-buttons is-content-justification-center is-layout-flex wp-container-core-buttons-is-layout-16018d1d wp-block-buttons-is-layout-flex\"><\/div>\n\n\n\n<div class=\"wp-block-file aligncenter\"><a id=\"wp-block-file--media-9b0b0478-b60c-4789-b0b7-2d49469e7178\" href=\"https:\/\/lescaboteursdelune.fr\/wp-content\/uploads\/2024\/05\/Brochure2024-2-comp.pdf\">Brochure2024-2-comp<\/a><a href=\"https:\/\/lescaboteursdelune.fr\/wp-content\/uploads\/2024\/05\/Brochure2024-2-comp.pdf\" class=\"wp-block-file__button wp-element-button\" download aria-describedby=\"wp-block-file--media-9b0b0478-b60c-4789-b0b7-2d49469e7178\">T\u00e9l\u00e9charger la Brochure 2024<\/a><\/div>\n\n\n\n<p><\/p>\n\n\n\n<p class=\"has-text-align-center has-large-font-size\"><strong>Le 22&nbsp;mai<\/strong><\/p>\n\n\n\n<p>Voil\u00e0 une date \u00e0 retenir car c&rsquo;est celle de&nbsp;la limite de pr\u00e9commande&nbsp;(et surtout de paiement).&nbsp;Cela peut sembler lointain, mais c&rsquo;est tellement si proche ! Par piti\u00e9, ne commandez pas tous en m\u00eame temps lors de la derni\u00e8re semaine&nbsp;\ud83e\udd23. Surtout que vous le verrez dans la brochure, certains produits ne sont disponibles qu&rsquo;en quantit\u00e9 limit\u00e9e&#8230;<\/p>\n\n\n\n<hr class=\"wp-block-separator has-alpha-channel-opacity\"\/>\n\n\n\n<p>&nbsp;&nbsp;&nbsp; Actuellement de l&rsquo;autre cot\u00e9 de l&rsquo;Atlantique, la go\u00e9lette bleue devrait faire escale&nbsp;par&nbsp;chez nous pour la fin Juillet et les commandes s&rsquo;acheminerons au plus pr\u00e8s de chez vous comme d&rsquo;habitudes dans les semaines suivant le d\u00e9chargement.<\/p>\n\n\n\n<p>N&rsquo;oubliez pas que vous pouvez \u00e9galement retrouver les diff\u00e9rents lieux de commandes sur&nbsp;<a href=\"https:\/\/lescaboteursdelune.fr\/index.php\/carte\/\" target=\"_blank\" rel=\"noreferrer noopener\">notre carte<\/a>&nbsp;et ainsi commander m\u00eame si vous ne vivez pas les pieds dans l&rsquo;eau \ud83d\ude09<\/p>\n\n\n\n<p class=\"has-text-align-center has-small-font-size\"><em>* Pour rappel, le principe est simple, nous proposons de mettre en relation deux ou plusieurs acheteurs.euses afin d&rsquo;organiser le covoiturage des marchandises command\u00e9es (avec l&rsquo;accord pr\u00e9alable des diff\u00e9rents partis \u00ab\u00a0of course\u00a0\u00bb).<\/em><\/p>\n\n\n\n<p>Bon sinon, ne sautez pas au plafond mais la derni\u00e8re r\u00e9colte d&rsquo;olives s\u2019\u00e9tant av\u00e9r\u00e9e encore plus probl\u00e9matique que l&rsquo;ann\u00e9e pr\u00e9c\u00e9dente (pour cause de m\u00e9t\u00e9o trop chaude et aride) les prix de l&rsquo;huile ont donc encore fortement augment\u00e9, chez notre producteur&nbsp;<a href=\"https:\/\/www.quechoisir.org\/comparatif-huiles-d-olive-n467\/\" rel=\"noreferrer noopener\" target=\"_blank\">comme ailleurs<\/a>.<\/p>\n\n\n\n<p>&nbsp;&nbsp;&nbsp; Les quantit\u00e9s \u00e9tant de faite tr\u00e8s limit\u00e9es, nous avons d\u00e9cid\u00e9 de revenir sur les premiers bidons; tant pl\u00e9biscit\u00e9s, ceux de nos d\u00e9buts, un retour aux sources en somme! Donc m\u00eame producteur, +\/- les m\u00eame pratiques d&rsquo;agriculture, m\u00eame qualit\u00e9 (voir meilleure) mais pas de label.<\/p>\n\n\n\n<p>&nbsp;&nbsp;&nbsp; Nous ne reviendrons pas aujourd&rsquo;hui sur le sujet des labels mais c&rsquo;est avant tout sur le \u00ab\u00a0contrat de confiance\u00a0\u00bb que nous avons b\u00e2ti avec Andr\u00e9 de Caixeiro depuis 2017 que nous nous basons. Et s&rsquo;il nous dit que la qualit\u00e9 est l\u00e0 (et pas juste le go\u00fbt), nous le croyons, nous esp\u00e9rerons que vous aussi! \ud83d\ude42<\/p>\n","protected":false},"excerpt":{"rendered":"<p>Nous allons cette ann\u00e9e accueillir une fois de plus nos amis de la BSC (anciennement la&nbsp;Blue Schooner Company) et leur navire Gallant \u00e0 Noirmoutier cette ann\u00e9e ! Prenez garde car ce sera&nbsp;la seule et unique campagne de 2024.&nbsp;Mais avec de nouveaux produits (et pas des moindres) ! Vous les retrouverez dans notre brochure disponible dans&hellip; <a href=\"https:\/\/lescaboteursdelune.fr\/index.php\/campagne-en-cours\/\" class=\"more-link\">Lire la suite <span class=\"screen-reader-text\">Campagne \u00e9t\u00e9 2024<\/span><\/a><\/p>\n","protected":false},"author":2,"featured_media":0,"parent":0,"menu_order":0,"comment_status":"closed","ping_status":"closed","template":"","meta":{"footnotes":""},"class_list":["post-1553","page","type-page","status-publish","hentry","without-featured-image"],"yoast_head":"<!-- This site is optimized with the Yoast SEO plugin v21.8.1 - https:\/\/yoast.com\/wordpress\/plugins\/seo\/ -->\n<title>Campagne \u00e9t\u00e9 2024 - Les Caboteurs de Lune<\/title>\n<meta name=\"description\" content=\"Les Caboteurs de Lune association promotion Fret \u00e0 la Voile Noirmoutier Vend\u00e9e\" \/>\n<meta name=\"robots\" content=\"index, follow, max-snippet:-1, max-image-preview:large, max-video-preview:-1\" \/>\n<link rel=\"canonical\" href=\"https:\/\/lescaboteursdelune.fr\/index.php\/campagne-en-cours\/\" \/>\n<meta property=\"og:locale\" content=\"fr_FR\" \/>\n<meta property=\"og:type\" content=\"article\" \/>\n<meta property=\"og:title\" content=\"Campagne \u00e9t\u00e9 2024 - Les Caboteurs de Lune\" \/>\n<meta property=\"og:description\" content=\"Les Caboteurs de Lune association promotion Fret \u00e0 la Voile Noirmoutier Vend\u00e9e\" \/>\n<meta property=\"og:url\" content=\"https:\/\/lescaboteursdelune.fr\/index.php\/campagne-en-cours\/\" \/>\n<meta property=\"og:site_name\" content=\"Les Caboteurs de Lune\" \/>\n<meta property=\"article:modified_time\" content=\"2025-07-27T18:41:18+00:00\" \/>\n<meta name=\"twitter:card\" content=\"summary_large_image\" \/>\n<meta name=\"twitter:label1\" content=\"Dur\u00e9e de lecture estim\u00e9e\" \/>\n\t<meta name=\"twitter:data1\" content=\"2 minutes\" \/>\n<script type=\"application\/ld+json\" class=\"yoast-schema-graph\">{\"@context\":\"https:\/\/schema.org\",\"@graph\":[{\"@type\":\"WebPage\",\"@id\":\"https:\/\/lescaboteursdelune.fr\/index.php\/campagne-en-cours\/\",\"url\":\"https:\/\/lescaboteursdelune.fr\/index.php\/campagne-en-cours\/\",\"name\":\"Campagne \u00e9t\u00e9 2024 - Les Caboteurs de Lune\",\"isPartOf\":{\"@id\":\"https:\/\/lescaboteursdelune.fr\/#website\"},\"datePublished\":\"2024-02-15T23:38:39+00:00\",\"dateModified\":\"2025-07-27T18:41:18+00:00\",\"description\":\"Les Caboteurs de Lune association promotion Fret \u00e0 la Voile Noirmoutier Vend\u00e9e\",\"breadcrumb\":{\"@id\":\"https:\/\/lescaboteursdelune.fr\/index.php\/campagne-en-cours\/#breadcrumb\"},\"inLanguage\":\"fr-FR\",\"potentialAction\":[{\"@type\":\"ReadAction\",\"target\":[\"https:\/\/lescaboteursdelune.fr\/index.php\/campagne-en-cours\/\"]}]},{\"@type\":\"BreadcrumbList\",\"@id\":\"https:\/\/lescaboteursdelune.fr\/index.php\/campagne-en-cours\/#breadcrumb\",\"itemListElement\":[{\"@type\":\"ListItem\",\"position\":1,\"name\":\"Accueil\",\"item\":\"https:\/\/lescaboteursdelune.fr\/\"},{\"@type\":\"ListItem\",\"position\":2,\"name\":\"Campagne \u00e9t\u00e9 2024\"}]},{\"@type\":\"WebSite\",\"@id\":\"https:\/\/lescaboteursdelune.fr\/#website\",\"url\":\"https:\/\/lescaboteursdelune.fr\/\",\"name\":\"Les Caboteurs de Lune\",\"description\":\"Comptoir de fret \u00e0 la voile\",\"publisher\":{\"@id\":\"https:\/\/lescaboteursdelune.fr\/#organization\"},\"potentialAction\":[{\"@type\":\"SearchAction\",\"target\":{\"@type\":\"EntryPoint\",\"urlTemplate\":\"https:\/\/lescaboteursdelune.fr\/?s={search_term_string}\"},\"query-input\":\"required name=search_term_string\"}],\"inLanguage\":\"fr-FR\"},{\"@type\":\"Organization\",\"@id\":\"https:\/\/lescaboteursdelune.fr\/#organization\",\"name\":\"Les Caboteurs de Lune\",\"url\":\"https:\/\/lescaboteursdelune.fr\/\",\"logo\":{\"@type\":\"ImageObject\",\"inLanguage\":\"fr-FR\",\"@id\":\"https:\/\/lescaboteursdelune.fr\/#\/schema\/logo\/image\/\",\"url\":\"https:\/\/lescaboteursdelune.fr\/wp-content\/uploads\/2018\/07\/logo_caboteur.jpg\",\"contentUrl\":\"https:\/\/lescaboteursdelune.fr\/wp-content\/uploads\/2018\/07\/logo_caboteur.jpg\",\"width\":960,\"height\":960,\"caption\":\"Les Caboteurs de Lune\"},\"image\":{\"@id\":\"https:\/\/lescaboteursdelune.fr\/#\/schema\/logo\/image\/\"}}]}<\/script>\n<!-- \/ Yoast SEO plugin. -->","yoast_head_json":{"title":"Campagne \u00e9t\u00e9 2024 - Les Caboteurs de Lune","description":"Les Caboteurs de Lune association promotion Fret \u00e0 la Voile Noirmoutier Vend\u00e9e","robots":{"index":"index","follow":"follow","max-snippet":"max-snippet:-1","max-image-preview":"max-image-preview:large","max-video-preview":"max-video-preview:-1"},"canonical":"https:\/\/lescaboteursdelune.fr\/index.php\/campagne-en-cours\/","og_locale":"fr_FR","og_type":"article","og_title":"Campagne \u00e9t\u00e9 2024 - Les Caboteurs de Lune","og_description":"Les Caboteurs de Lune association promotion Fret \u00e0 la Voile Noirmoutier Vend\u00e9e","og_url":"https:\/\/lescaboteursdelune.fr\/index.php\/campagne-en-cours\/","og_site_name":"Les Caboteurs de Lune","article_modified_time":"2025-07-27T18:41:18+00:00","twitter_card":"summary_large_image","twitter_misc":{"Dur\u00e9e de lecture estim\u00e9e":"2 minutes"},"schema":{"@context":"https:\/\/schema.org","@graph":[{"@type":"WebPage","@id":"https:\/\/lescaboteursdelune.fr\/index.php\/campagne-en-cours\/","url":"https:\/\/lescaboteursdelune.fr\/index.php\/campagne-en-cours\/","name":"Campagne \u00e9t\u00e9 2024 - Les Caboteurs de Lune","isPartOf":{"@id":"https:\/\/lescaboteursdelune.fr\/#website"},"datePublished":"2024-02-15T23:38:39+00:00","dateModified":"2025-07-27T18:41:18+00:00","description":"Les Caboteurs de Lune association promotion Fret \u00e0 la Voile Noirmoutier Vend\u00e9e","breadcrumb":{"@id":"https:\/\/lescaboteursdelune.fr\/index.php\/campagne-en-cours\/#breadcrumb"},"inLanguage":"fr-FR","potentialAction":[{"@type":"ReadAction","target":["https:\/\/lescaboteursdelune.fr\/index.php\/campagne-en-cours\/"]}]},{"@type":"BreadcrumbList","@id":"https:\/\/lescaboteursdelune.fr\/index.php\/campagne-en-cours\/#breadcrumb","itemListElement":[{"@type":"ListItem","position":1,"name":"Accueil","item":"https:\/\/lescaboteursdelune.fr\/"},{"@type":"ListItem","position":2,"name":"Campagne \u00e9t\u00e9 2024"}]},{"@type":"WebSite","@id":"https:\/\/lescaboteursdelune.fr\/#website","url":"https:\/\/lescaboteursdelune.fr\/","name":"Les Caboteurs de Lune","description":"Comptoir de fret \u00e0 la voile","publisher":{"@id":"https:\/\/lescaboteursdelune.fr\/#organization"},"potentialAction":[{"@type":"SearchAction","target":{"@type":"EntryPoint","urlTemplate":"https:\/\/lescaboteursdelune.fr\/?s={search_term_string}"},"query-input":"required name=search_term_string"}],"inLanguage":"fr-FR"},{"@type":"Organization","@id":"https:\/\/lescaboteursdelune.fr\/#organization","name":"Les Caboteurs de Lune","url":"https:\/\/lescaboteursdelune.fr\/","logo":{"@type":"ImageObject","inLanguage":"fr-FR","@id":"https:\/\/lescaboteursdelune.fr\/#\/schema\/logo\/image\/","url":"https:\/\/lescaboteursdelune.fr\/wp-content\/uploads\/2018\/07\/logo_caboteur.jpg","contentUrl":"https:\/\/lescaboteursdelune.fr\/wp-content\/uploads\/2018\/07\/logo_caboteur.jpg","width":960,"height":960,"caption":"Les Caboteurs de Lune"},"image":{"@id":"https:\/\/lescaboteursdelune.fr\/#\/schema\/logo\/image\/"}}]}},"_links":{"self":[{"href":"https:\/\/lescaboteursdelune.fr\/index.php\/wp-json\/wp\/v2\/pages\/1553","targetHints":{"allow":["GET"]}}],"collection":[{"href":"https:\/\/lescaboteursdelune.fr\/index.php\/wp-json\/wp\/v2\/pages"}],"about":[{"href":"https:\/\/lescaboteursdelune.fr\/index.php\/wp-json\/wp\/v2\/types\/page"}],"author":[{"embeddable":true,"href":"https:\/\/lescaboteursdelune.fr\/index.php\/wp-json\/wp\/v2\/users\/2"}],"replies":[{"embeddable":true,"href":"https:\/\/lescaboteursdelune.fr\/index.php\/wp-json\/wp\/v2\/comments?post=1553"}],"version-history":[{"count":14,"href":"https:\/\/lescaboteursdelune.fr\/index.php\/wp-json\/wp\/v2\/pages\/1553\/revisions"}],"predecessor-version":[{"id":1906,"href":"https:\/\/lescaboteursdelune.fr\/index.php\/wp-json\/wp\/v2\/pages\/1553\/revisions\/1906"}],"wp:attachment":[{"href":"https:\/\/lescaboteursdelune.fr\/index.php\/wp-json\/wp\/v2\/media?parent=1553"}],"curies":[{"name":"wp","href":"https:\/\/api.w.org\/{rel}","templated":true}]}}